{"id":498,"date":"2019-06-19T09:50:35","date_gmt":"2019-06-19T07:50:35","guid":{"rendered":"http:\/\/www.jeuxmamuse.fr\/?page_id=498"},"modified":"2024-08-23T10:21:00","modified_gmt":"2024-08-23T08:21:00","slug":"anniversaire-ludotheque-jeux-mamuse","status":"publish","type":"page","link":"https:\/\/www.jeuxmamuse.fr\/index.php\/anniversaire-ludotheque-jeux-mamuse\/","title":{"rendered":"Anniversaires"},"content":{"rendered":"\n<div class=\"wp-block-media-text alignwide is-stacked-on-mobile\" style=\"grid-template-columns:40% auto\"><figure class=\"wp-block-media-text__media\"><img fetchpriority=\"high\" decoding=\"async\" width=\"650\" height=\"767\" src=\"https:\/\/www.jeuxmamuse.fr\/wp-content\/uploads\/2020\/03\/anniversaire.jpg\" alt=\"\" class=\"wp-image-1155 size-full\" srcset=\"https:\/\/www.jeuxmamuse.fr\/wp-content\/uploads\/2020\/03\/anniversaire.jpg 650w, https:\/\/www.jeuxmamuse.fr\/wp-content\/uploads\/2020\/03\/anniversaire-600x708.jpg 600w, https:\/\/www.jeuxmamuse.fr\/wp-content\/uploads\/2020\/03\/anniversaire-254x300.jpg 254w\" sizes=\"(max-width: 650px) 100vw, 650px\" \/><\/figure><div class=\"wp-block-media-text__content\">\n<p style=\"font-size:18px\"><em>La ludoth\u00e8que Jeux M&rsquo;amuse propose l&rsquo;organisation d&rsquo;apr\u00e8s-midi anniversaire pour votre enfant. D\u00e9couvrez toutes les informations ci-dessous. <\/em><\/p>\n\n\n\n<p style=\"font-size:18px\">C&rsquo;est bient\u00f4t l&rsquo;anniversaire de votre enfant ? Pourquoi ne pas le faire \u00e0 la ludoth\u00e8que ?<\/p>\n\n\n\n<p style=\"font-size:18px\">La ludoth\u00e8que Jeux M&rsquo;amuse offre la possibilit\u00e9 aux enfants de passer leur anniversaire en compagnie de leurs amis autour de 4 th\u00e9matiques : <\/p>\n\n\n\n<ul class=\"wp-block-list\">\n<li><p style=\"font-size:18px\">Pirates ;<\/p><\/li>\n\n\n\n<li><p style=\"font-size:18px\">Cow-boys et indiens ;<\/p><\/li>\n\n\n\n<li><p style=\"font-size:18px\">Chevaliers et princesses.<\/p><\/li>\n\n\n\n<li><p style=\"font-size:18px\">Ecole de magie<\/p><\/li>\n<\/ul>\n\n\n\n<p style=\"font-size:18px\">Les apr\u00e8s-midis anniversaires peuvent avoir lieu uniquement les samedis de 14h00 \u00e0 15h30 (salle privatis\u00e9e). Un animateur se fera une joie de vous proposer 1h30 d&rsquo;activit\u00e9s. Ensuite, les enfants pourront partager un temps pour le go\u00fbter et l&rsquo;ouverture des cadeaux !  Les parents doivent donc apporter le go\u00fbter pour ravir les papilles de la joyeuse troupe.<\/p>\n\n\n\n<p style=\"font-size:18px\">La ludoth\u00e8que peut recevoir :<\/p>\n\n\n\n<ul class=\"wp-block-list\">\n<li><p style=\"font-size:18px\">Un groupe de 8 enfants lorsqu&rsquo;ils sont \u00e2g\u00e9s de 3 \u00e0 6 ans ;<\/p><\/li>\n\n\n\n<li><p style=\"font-size:18px\">Un groupe de 12 enfants lorsqu&rsquo;ils sont \u00e2g\u00e9s de 7 \u00e0 12 ans.<\/p><\/li>\n<\/ul>\n\n\n\n<p style=\"font-size:18px\">La pr\u00e9sence d&rsquo;un adulte (en plus de l&rsquo;animateur) est obligatoire.<\/p>\n\n\n\n<p style=\"font-size:18px\">La r\u00e9servation se fait sur place. Le parent effectuant la r\u00e9servation devra \u00e9changer avec l&rsquo;animateur et\/ou remplir une fiche contenant les modalit\u00e9s de l&rsquo;anniversaire (date, heure, nombre de participants \u2026).<\/p>\n\n\n\n<p style=\"font-size:18px\">Le tarif d&rsquo;un apr\u00e8s-midi anniversaire \u00e0 la ludoth\u00e8que Jeux M&rsquo;Amuse est de : <\/p>\n\n\n\n<ul class=\"wp-block-list\">\n<li><p style=\"font-size:18px\">120 \u20ac pour des personnes non-adh\u00e9rentes \u00e0 la ludoth\u00e8que ;<\/p><\/li>\n\n\n\n<li><p style=\"font-size:18px\">100 \u20ac pour les adh\u00e9rents.<\/p><\/li>\n<\/ul>\n\n\n\n<p style=\"font-size:18px\">Vous \u00eates int\u00e9ress\u00e9s ? Alors, n&rsquo;h\u00e9sitez pas \u00e0 compl\u00e9ter la fiche de r\u00e9servation \u00ab\u00a0<a href=\"https:\/\/www.jeuxmamuse.fr\/wp-content\/uploads\/2020\/03\/Fiche-Anniversaire.pdf\">Anniversaire<\/a>\u00a0\u00bb ou contactez la ludoth\u00e8que pour avoir tout type de renseignements. <\/p>\n\n\n\n<p><\/p>\n<\/div><\/div>\n","protected":false},"excerpt":{"rendered":"","protected":false},"author":1,"featured_media":0,"parent":0,"menu_order":0,"comment_status":"closed","ping_status":"closed","template":"","meta":{"site-sidebar-layout":"default","site-content-layout":"","ast-site-content-layout":"default","site-content-style":"default","site-sidebar-style":"default","ast-global-header-display":"","ast-banner-title-visibility":"","ast-main-header-display":"","ast-hfb-above-header-display":"","ast-hfb-below-header-display":"","ast-hfb-mobile-header-display":"","site-post-title":"","ast-breadcrumbs-content":"","ast-featured-img":"","footer-sml-layout":"","ast-disable-related-posts":"","theme-transparent-header-meta":"","adv-header-id-meta":"","stick-header-meta":"","header-above-stick-meta":"","header-main-stick-meta":"","header-below-stick-meta":"","astra-migrate-meta-layouts":"default","ast-page-background-enabled":"default","ast-page-background-meta":{"desktop":{"background-color":"var(--ast-global-color-5)","background-image":"","background-repeat":"repeat","background-position":"center center","background-size":"auto","background-attachment":"scroll","background-type":"","background-media":"","overlay-type":"","overlay-color":"","overlay-opacity":"","overlay-gradient":""},"tablet":{"background-color":"","background-image":"","background-repeat":"repeat","background-position":"center center","background-size":"auto","background-attachment":"scroll","background-type":"","background-media":"","overlay-type":"","overlay-color":"","overlay-opacity":"","overlay-gradient":""},"mobile":{"background-color":"","background-image":"","background-repeat":"repeat","background-position":"center center","background-size":"auto","background-attachment":"scroll","background-type":"","background-media":"","overlay-type":"","overlay-color":"","overlay-opacity":"","overlay-gradient":""}},"ast-content-background-meta":{"desktop":{"background-color":"var(--ast-global-color-4)","background-image":"","background-repeat":"repeat","background-position":"center center","background-size":"auto","background-attachment":"scroll","background-type":"","background-media":"","overlay-type":"","overlay-color":"","overlay-opacity":"","overlay-gradient":""},"tablet":{"background-color":"var(--ast-global-color-4)","background-image":"","background-repeat":"repeat","background-position":"center center","background-size":"auto","background-attachment":"scroll","background-type":"","background-media":"","overlay-type":"","overlay-color":"","overlay-opacity":"","overlay-gradient":""},"mobile":{"background-color":"var(--ast-global-color-4)","background-image":"","background-repeat":"repeat","background-position":"center center","background-size":"auto","background-attachment":"scroll","background-type":"","background-media":"","overlay-type":"","overlay-color":"","overlay-opacity":"","overlay-gradient":""}},"footnotes":""},"class_list":["post-498","page","type-page","status-publish","hentry"],"_links":{"self":[{"href":"https:\/\/www.jeuxmamuse.fr\/index.php\/wp-json\/wp\/v2\/pages\/498","targetHints":{"allow":["GET"]}}],"collection":[{"href":"https:\/\/www.jeuxmamuse.fr\/index.php\/wp-json\/wp\/v2\/pages"}],"about":[{"href":"https:\/\/www.jeuxmamuse.fr\/index.php\/wp-json\/wp\/v2\/types\/page"}],"author":[{"embeddable":true,"href":"https:\/\/www.jeuxmamuse.fr\/index.php\/wp-json\/wp\/v2\/users\/1"}],"replies":[{"embeddable":true,"href":"https:\/\/www.jeuxmamuse.fr\/index.php\/wp-json\/wp\/v2\/comments?post=498"}],"version-history":[{"count":20,"href":"https:\/\/www.jeuxmamuse.fr\/index.php\/wp-json\/wp\/v2\/pages\/498\/revisions"}],"predecessor-version":[{"id":3994,"href":"https:\/\/www.jeuxmamuse.fr\/index.php\/wp-json\/wp\/v2\/pages\/498\/revisions\/3994"}],"wp:attachment":[{"href":"https:\/\/www.jeuxmamuse.fr\/index.php\/wp-json\/wp\/v2\/media?parent=498"}],"curies":[{"name":"wp","href":"https:\/\/api.w.org\/{rel}","templated":true}]}}