{"id":1573,"date":"2020-12-01T10:25:28","date_gmt":"2020-12-01T09:25:28","guid":{"rendered":"http:\/\/www.jeuxmamuse.fr\/?page_id=1573"},"modified":"2023-03-24T10:17:20","modified_gmt":"2023-03-24T09:17:20","slug":"benevolat","status":"publish","type":"page","link":"https:\/\/www.jeuxmamuse.fr\/index.php\/benevolat\/","title":{"rendered":"B\u00e9n\u00e9volat"},"content":{"rendered":"\n<p class=\"has-medium-font-size\">La ludoth\u00e8que Jeux M\u2019Amuse aurait besoin de b\u00e9n\u00e9voles pour diverses activit\u00e9s :<\/p>\n\n\n\n<p class=\"has-medium-font-size\">\u2013 Pr\u00e9sence sur des \u00e9v\u00e9nements caritatifs ou ponctuels : pr\u00e9sentation de jeux, installation et d\u00e9sinstallation \u2026<br>\u2013 Animation d\u2019apr\u00e8s-midi jeux certains dimanches<br>\u2013 Distribution de flyers en lien avec les \u00e9v\u00e9nements de la ludoth\u00e8que<br>\u2013 V\u00e9rification de la compl\u00e9tude des jeux de soci\u00e9t\u00e9 : compter les pi\u00e8ces, v\u00e9rifier s\u2019il n\u2019y a pas de pi\u00e8ces ab\u00eem\u00e9es.<\/p>\n\n\n\n<p class=\"has-medium-font-size\">D&rsquo;autres missions peuvent \u00e9galement vous \u00eatre propos\u00e9es selon les besoins et vos envies !<\/p>\n\n\n\n<p class=\"has-medium-font-size\">Si vous \u00eates int\u00e9ress\u00e9s, veuillez contacter la ludoth\u00e8que via le formulaire ci-dessous de contact ou par t\u00e9l\u00e9phone au 02.31.82.69.87<\/p>\n\n\n<div class=\"everest-forms\"><div class=\"evf-container default\" id=\"evf-2228\"><form id=\"evf-form-2228\" class=\"everest-form\" data-formid=\"2228\" data-ajax_submission=\"0\" data-keyboard_friendly_form=\"0\" data-form_state_type=\"\" method=\"post\" enctype=\"multipart\/form-data\" action=\"\/index.php\/wp-json\/wp\/v2\/pages\/1573\"><div class=\"evf-field-container\"><input type=\"hidden\" id=\"_wpnonce2228\" name=\"_wpnonce2228\" value=\"6e78fdedc2\" \/><input type=\"hidden\" name=\"_wp_http_referer\" value=\"\/index.php\/wp-json\/wp\/v2\/pages\/1573\" \/><div class=\"evf-frontend-row\" data-row=\"row_1\" conditional_rules=\"[]\"><div class=\"evf-frontend-grid evf-grid-2\" data-grid=\"grid_1\"><div id=\"evf-2228-field_KXk623Bqzu-1-container\" class=\"evf-field evf-field-last-name form-row validate-required\" data-required-field-message=\"Ce champs est obligatoire.\" data-field-id=\"KXk623Bqzu-1\"><label class=\"evf-field-label\" for=\"evf-2228-field_KXk623Bqzu-1\"><span class=\"evf-label\">Nom<\/span> <abbr class=\"required\" title=\"N\u00e9cessaire\">*<\/abbr><\/label><input type=\"text\" id=\"evf-2228-field_KXk623Bqzu-1\" class=\"input-text\" name=\"everest_forms[form_fields][KXk623Bqzu-1]\" required><\/div><\/div><div class=\"evf-frontend-grid evf-grid-2\" data-grid=\"grid_2\"><div id=\"evf-2228-field_uh1Cklr6F9-2-container\" class=\"evf-field evf-field-first-name form-row validate-required\" data-required-field-message=\"Ce champs est obligatoire.\" data-field-id=\"uh1Cklr6F9-2\"><label class=\"evf-field-label\" for=\"evf-2228-field_uh1Cklr6F9-2\"><span class=\"evf-label\">Pr\u00e9nom<\/span> <abbr class=\"required\" title=\"N\u00e9cessaire\">*<\/abbr><\/label><input type=\"text\" id=\"evf-2228-field_uh1Cklr6F9-2\" class=\"input-text\" name=\"everest_forms[form_fields][uh1Cklr6F9-2]\" required><\/div><\/div><\/div><div class=\"evf-frontend-row\" data-row=\"row_2\" conditional_rules=\"[]\"><div class=\"evf-frontend-grid evf-grid-2\" data-grid=\"grid_1\"><div id=\"evf-2228-field_Kh6MsxbaIO-3-container\" class=\"evf-field evf-field-date-time form-row validate-required\" data-required-field-message=\"Ce champs est obligatoire.\" data-field-id=\"Kh6MsxbaIO-3\"><label class=\"evf-field-label\" for=\"evf-2228-field_Kh6MsxbaIO-3\"><span class=\"evf-label\">Date de naissance<\/span> <abbr class=\"required\" title=\"N\u00e9cessaire\">*<\/abbr><\/label><input type=\"text\" id=\"evf-2228-field_Kh6MsxbaIO-3\" class=\"flatpickr-field input-text\" name=\"everest_forms[form_fields][Kh6MsxbaIO-3]\" data-time-interval=\"15\" data-date-time=\"date\" data-mode=\"single\" data-locale=\"fr\" data-date-format=\"d\/m\/Y\" required ><\/div><\/div><div class=\"evf-frontend-grid evf-grid-2\" data-grid=\"grid_2\"><\/div><\/div><div class=\"evf-frontend-row\" data-row=\"row_3\" conditional_rules=\"[]\"><div class=\"evf-frontend-grid evf-grid-2\" data-grid=\"grid_1\"><div id=\"evf-2228-field_283MH6Ew8w-4-container\" class=\"evf-field evf-field-number form-row\" data-field-id=\"283MH6Ew8w-4\"><label class=\"evf-field-label\" for=\"evf-2228-field_283MH6Ew8w-4\"><span class=\"evf-label\">Num\u00e9ro de t\u00e9l\u00e9phone<\/span> <\/label><input type=\"number\" id=\"evf-2228-field_283MH6Ew8w-4\" class=\"input-text\" name=\"everest_forms[form_fields][283MH6Ew8w-4]\" \/><\/div><\/div><div class=\"evf-frontend-grid evf-grid-2\" data-grid=\"grid_2\"><div id=\"evf-2228-field_T3bYHk2CGt-5-container\" class=\"evf-field evf-field-email form-row validate-required validate-email\" data-required-field-message=\"Entrez un email valide svp.\" data-field-id=\"T3bYHk2CGt-5\"><label class=\"evf-field-label\" for=\"evf-2228-field_T3bYHk2CGt-5\"><span class=\"evf-label\">Adresse mail<\/span> <abbr class=\"required\" title=\"N\u00e9cessaire\">*<\/abbr><\/label><input type=\"email\" id=\"evf-2228-field_T3bYHk2CGt-5\" class=\"input-text\" name=\"everest_forms[form_fields][T3bYHk2CGt-5]\" required ><\/div><\/div><\/div><div class=\"evf-frontend-row\" data-row=\"row_4\" conditional_rules=\"[]\"><div class=\"evf-frontend-grid evf-grid-2\" data-grid=\"grid_1\"><div id=\"evf-2228-field_0mQH63rstV-8-container\" class=\"evf-field evf-field-checkbox form-row everest-forms-list-2-columns\" data-field-id=\"0mQH63rstV-8\"><label class=\"evf-field-label\" for=\"evf-2228-field_0mQH63rstV-8\"><span class=\"evf-label\">Quel(s) jour(s) \u00eates vous disponibles ?<\/span> <\/label><ul id=\"evf-2228-field_0mQH63rstV-8\"><li class=\"choice-1 depth-1\"><input type=\"checkbox\" id=\"evf-2228-field_0mQH63rstV-8_1\" class=\"input-text\" name=\"everest_forms[form_fields][0mQH63rstV-8][]\" value=\"Lundi matin\"  ><label class=\"everest-forms-field-label-inline\" for=\"evf-2228-field_0mQH63rstV-8_1\">Lundi matin<\/label><\/li><li class=\"choice-10 depth-1\"><input type=\"checkbox\" id=\"evf-2228-field_0mQH63rstV-8_10\" class=\"input-text\" name=\"everest_forms[form_fields][0mQH63rstV-8][]\" value=\"Lundi apr\u00e8s-midi\"  ><label class=\"everest-forms-field-label-inline\" for=\"evf-2228-field_0mQH63rstV-8_10\">Lundi apr\u00e8s-midi<\/label><\/li><li class=\"choice-2 depth-1\"><input type=\"checkbox\" id=\"evf-2228-field_0mQH63rstV-8_2\" class=\"input-text\" name=\"everest_forms[form_fields][0mQH63rstV-8][]\" value=\"Mardi matin\"  ><label class=\"everest-forms-field-label-inline\" for=\"evf-2228-field_0mQH63rstV-8_2\">Mardi matin<\/label><\/li><li class=\"choice-9 depth-1\"><input type=\"checkbox\" id=\"evf-2228-field_0mQH63rstV-8_9\" class=\"input-text\" name=\"everest_forms[form_fields][0mQH63rstV-8][]\" value=\"Mardi apr\u00e8s-midi\"  ><label class=\"everest-forms-field-label-inline\" for=\"evf-2228-field_0mQH63rstV-8_9\">Mardi apr\u00e8s-midi<\/label><\/li><li class=\"choice-8 depth-1\"><input type=\"checkbox\" id=\"evf-2228-field_0mQH63rstV-8_8\" class=\"input-text\" name=\"everest_forms[form_fields][0mQH63rstV-8][]\" value=\"Mercredi matin\"  ><label class=\"everest-forms-field-label-inline\" for=\"evf-2228-field_0mQH63rstV-8_8\">Mercredi matin<\/label><\/li><li class=\"choice-3 depth-1\"><input type=\"checkbox\" id=\"evf-2228-field_0mQH63rstV-8_3\" class=\"input-text\" name=\"everest_forms[form_fields][0mQH63rstV-8][]\" value=\"Mercredi apr\u00e8s-midi\"  ><label class=\"everest-forms-field-label-inline\" for=\"evf-2228-field_0mQH63rstV-8_3\">Mercredi apr\u00e8s-midi<\/label><\/li><li class=\"choice-7 depth-1\"><input type=\"checkbox\" id=\"evf-2228-field_0mQH63rstV-8_7\" class=\"input-text\" name=\"everest_forms[form_fields][0mQH63rstV-8][]\" value=\"Jeudi matin\"  ><label class=\"everest-forms-field-label-inline\" for=\"evf-2228-field_0mQH63rstV-8_7\">Jeudi matin<\/label><\/li><li class=\"choice-11 depth-1\"><input type=\"checkbox\" id=\"evf-2228-field_0mQH63rstV-8_11\" class=\"input-text\" name=\"everest_forms[form_fields][0mQH63rstV-8][]\" value=\"Jeudi apr\u00e8s-midi\"  ><label class=\"everest-forms-field-label-inline\" for=\"evf-2228-field_0mQH63rstV-8_11\">Jeudi apr\u00e8s-midi<\/label><\/li><li class=\"choice-6 depth-1\"><input type=\"checkbox\" id=\"evf-2228-field_0mQH63rstV-8_6\" class=\"input-text\" name=\"everest_forms[form_fields][0mQH63rstV-8][]\" value=\"Vendredi matin\"  ><label class=\"everest-forms-field-label-inline\" for=\"evf-2228-field_0mQH63rstV-8_6\">Vendredi matin<\/label><\/li><li class=\"choice-12 depth-1\"><input type=\"checkbox\" id=\"evf-2228-field_0mQH63rstV-8_12\" class=\"input-text\" name=\"everest_forms[form_fields][0mQH63rstV-8][]\" value=\"Vendredi apr\u00e8s-midi\"  ><label class=\"everest-forms-field-label-inline\" for=\"evf-2228-field_0mQH63rstV-8_12\">Vendredi apr\u00e8s-midi<\/label><\/li><li class=\"choice-5 depth-1\"><input type=\"checkbox\" id=\"evf-2228-field_0mQH63rstV-8_5\" class=\"input-text\" name=\"everest_forms[form_fields][0mQH63rstV-8][]\" value=\"Samedi matin\"  ><label class=\"everest-forms-field-label-inline\" for=\"evf-2228-field_0mQH63rstV-8_5\">Samedi matin<\/label><\/li><li class=\"choice-13 depth-1\"><input type=\"checkbox\" id=\"evf-2228-field_0mQH63rstV-8_13\" class=\"input-text\" name=\"everest_forms[form_fields][0mQH63rstV-8][]\" value=\"Samedi apr\u00e8s-midi\"  ><label class=\"everest-forms-field-label-inline\" for=\"evf-2228-field_0mQH63rstV-8_13\">Samedi apr\u00e8s-midi<\/label><\/li><li class=\"choice-4 depth-1\"><input type=\"checkbox\" id=\"evf-2228-field_0mQH63rstV-8_4\" class=\"input-text\" name=\"everest_forms[form_fields][0mQH63rstV-8][]\" value=\"Dimanche matin\"  ><label class=\"everest-forms-field-label-inline\" for=\"evf-2228-field_0mQH63rstV-8_4\">Dimanche matin<\/label><\/li><li class=\"choice-14 depth-1\"><input type=\"checkbox\" id=\"evf-2228-field_0mQH63rstV-8_14\" class=\"input-text\" name=\"everest_forms[form_fields][0mQH63rstV-8][]\" value=\"Dimanche apr\u00e8s-midi\"  ><label class=\"everest-forms-field-label-inline\" for=\"evf-2228-field_0mQH63rstV-8_14\">Dimanche apr\u00e8s-midi<\/label><\/li><\/ul><\/div><\/div><div class=\"evf-frontend-grid evf-grid-2\" data-grid=\"grid_2\"><div id=\"evf-2228-field_WTsiXPPeuL-7-container\" class=\"evf-field evf-field-textarea form-row\" data-field-id=\"WTsiXPPeuL-7\"><label class=\"evf-field-label\" for=\"evf-2228-field_WTsiXPPeuL-7\"><span class=\"evf-label\">Si vous le souhaitez, vous pouvez donner des informations vous concernant :<\/span> <\/label><textarea id=\"evf-2228-field_WTsiXPPeuL-7\" class=\"input-text\" name=\"everest_forms[form_fields][WTsiXPPeuL-7]\"  ><\/textarea><\/div><\/div><\/div><\/div><div class=\"evf-honeypot-container evf-field-hp\"><label for=\"evf-2228-field-hp\" class=\"evf-field-label\">Name<\/label><input type=\"text\" name=\"everest_forms[hp]\" id=\"evf-2228-field-hp\" class=\"input-text\"><\/div><div class=\"evf-recaptcha-container recaptcha-hidden\" style=\"display:block\"><input type=\"hidden\" name=\"everest_forms[recaptcha]\" value=\"\"><\/div><div class=\"evf-submit-container \" ><input type=\"hidden\" name=\"everest_forms[id]\" value=\"2228\"><input type=\"hidden\" name=\"everest_forms[author]\" value=\"1\"><button type='submit' name='everest_forms[submit]' class='everest-forms-submit-button button evf-submit ' id='evf-submit-2228' value='evf-submit' data-process-text=\"En traitement\u2026\" conditional_rules='&quot;&quot;' conditional_id='evf-submit-2228'  id=\"evf-submit-2228\" aria-live=\"assertive\">Envoyer<\/button><\/div><\/form><\/div><!-- .evf-container --><\/div>\n\n\n\n<div style=\"height:69px\" aria-hidden=\"true\" class=\"wp-block-spacer\"><\/div>\n","protected":false},"excerpt":{"rendered":"<p>La ludoth\u00e8que Jeux M\u2019Amuse aurait besoin de b\u00e9n\u00e9voles pour diverses activit\u00e9s : \u2013 Pr\u00e9sence sur des \u00e9v\u00e9nements caritatifs ou ponctuels [&hellip;]<\/p>\n","protected":false},"author":1,"featured_media":0,"parent":0,"menu_order":0,"comment_status":"closed","ping_status":"closed","template":"","meta":{"site-sidebar-layout":"default","site-content-layout":"","ast-site-content-layout":"default","site-content-style":"default","site-sidebar-style":"default","ast-global-header-display":"","ast-banner-title-visibility":"","ast-main-header-display":"","ast-hfb-above-header-display":"","ast-hfb-below-header-display":"","ast-hfb-mobile-header-display":"","site-post-title":"","ast-breadcrumbs-content":"","ast-featured-img":"","footer-sml-layout":"","ast-disable-related-posts":"","theme-transparent-header-meta":"","adv-header-id-meta":"","stick-header-meta":"","header-above-stick-meta":"","header-main-stick-meta":"","header-below-stick-meta":"","astra-migrate-meta-layouts":"default","ast-page-background-enabled":"default","ast-page-background-meta":{"desktop":{"background-color":"var(--ast-global-color-5)","background-image":"","background-repeat":"repeat","background-position":"center center","background-size":"auto","background-attachment":"scroll","background-type":"","background-media":"","overlay-type":"","overlay-color":"","overlay-opacity":"","overlay-gradient":""},"tablet":{"background-color":"","background-image":"","background-repeat":"repeat","background-position":"center center","background-size":"auto","background-attachment":"scroll","background-type":"","background-media":"","overlay-type":"","overlay-color":"","overlay-opacity":"","overlay-gradient":""},"mobile":{"background-color":"","background-image":"","background-repeat":"repeat","background-position":"center center","background-size":"auto","background-attachment":"scroll","background-type":"","background-media":"","overlay-type":"","overlay-color":"","overlay-opacity":"","overlay-gradient":""}},"ast-content-background-meta":{"desktop":{"background-color":"var(--ast-global-color-4)","background-image":"","background-repeat":"repeat","background-position":"center center","background-size":"auto","background-attachment":"scroll","background-type":"","background-media":"","overlay-type":"","overlay-color":"","overlay-opacity":"","overlay-gradient":""},"tablet":{"background-color":"var(--ast-global-color-4)","background-image":"","background-repeat":"repeat","background-position":"center center","background-size":"auto","background-attachment":"scroll","background-type":"","background-media":"","overlay-type":"","overlay-color":"","overlay-opacity":"","overlay-gradient":""},"mobile":{"background-color":"var(--ast-global-color-4)","background-image":"","background-repeat":"repeat","background-position":"center center","background-size":"auto","background-attachment":"scroll","background-type":"","background-media":"","overlay-type":"","overlay-color":"","overlay-opacity":"","overlay-gradient":""}},"footnotes":""},"class_list":["post-1573","page","type-page","status-publish","hentry"],"_links":{"self":[{"href":"https:\/\/www.jeuxmamuse.fr\/index.php\/wp-json\/wp\/v2\/pages\/1573","targetHints":{"allow":["GET"]}}],"collection":[{"href":"https:\/\/www.jeuxmamuse.fr\/index.php\/wp-json\/wp\/v2\/pages"}],"about":[{"href":"https:\/\/www.jeuxmamuse.fr\/index.php\/wp-json\/wp\/v2\/types\/page"}],"author":[{"embeddable":true,"href":"https:\/\/www.jeuxmamuse.fr\/index.php\/wp-json\/wp\/v2\/users\/1"}],"replies":[{"embeddable":true,"href":"https:\/\/www.jeuxmamuse.fr\/index.php\/wp-json\/wp\/v2\/comments?post=1573"}],"version-history":[{"count":2,"href":"https:\/\/www.jeuxmamuse.fr\/index.php\/wp-json\/wp\/v2\/pages\/1573\/revisions"}],"predecessor-version":[{"id":2230,"href":"https:\/\/www.jeuxmamuse.fr\/index.php\/wp-json\/wp\/v2\/pages\/1573\/revisions\/2230"}],"wp:attachment":[{"href":"https:\/\/www.jeuxmamuse.fr\/index.php\/wp-json\/wp\/v2\/media?parent=1573"}],"curies":[{"name":"wp","href":"https:\/\/api.w.org\/{rel}","templated":true}]}}